of 9289?
8
What is the hundreds digit of 4454?
4
What is the tens digit of 2207?
0
What is the hundreds digit of 6694?
6
What is the hundreds digit of 20647?
6
What is the hundreds digit of 350?
3
What is the thousands digit of 19430?
9
What is the units digit of 903?
3
What is the units digit of 307?
7
What is the thousands digit of 2786?
2
What is the tens digit of 72255?
5
What is the hundreds digit of 1357?
3
What is the ten thousands digit of 93940?
9
What is the tens digit of 27839?
3
What is the tens digit of 9784?
8
What is the tens digit of 2934?
3
What is the hundreds digit of 9933?
9
What is the units digit of 10022?
2
What is the hundreds digit of 350?
3
What is the hundreds digit of 6865?
8
What is the tens digit of 4521?
2
What is the hundreds digit of 27227?
2
What is the units digit of 81238?
8
What is the units digit of 4364?
4
What is the ten thousands digit of 31814?
3
What is the units digit of 15567?
7
What is the tens digit of 5635?
3
What is the hundreds digit of 40948?
9
What is the tens digit of 678?
7
What is the hundreds digit of 7105?
1
What is the units digit of 13935?
5
What is the ten thousands digit of 78759?
7
What is the units digit of 332?
2
What is the hundreds digit of 51530?
5
What is the thousands digit of 19610?
9
What is the tens digit of 35771?
7
What is the hundreds digit of 23859?
8
What is the hundreds digit of 95228?
2
What is the tens digit of 13660?
6
What is the tens digit of 11765?
6
What is the tens digit of 415?
1
What is the tens digit of 3606?
0
What is the hundreds digit of 737?
7
What is the ten thousands digit of 13809?
1
What is the units digit of 5044?
4
What is the hundreds digit of 127199?
1
What is the units digit of 1748?
8
What is the thousands digit of 3801?
3
What is the hundreds digit of 48936?
9
What is the ten thousands digit of 190171?
9
What is the thousands digit of 6103?
6
What is the thousands digit of 3052?
3
What is the hundreds digit of 12873?
8
What is the units digit of 30177?
7
What is the ten thousands digit of 56244?
5
What is the hundreds digit of 4929?
9
What is the units digit of 1827?
7
What is the thousands digit of 15333?
5
What is the thousands digit of 21508?
1
What is the ten thousands digit of 25974?
2
What is the units digit of 89663?
3
What is the hundreds digit of 989?
9
What is the units digit of 1380?
0
What is the tens digit of 8131?
3
What is the tens digit of 2873?
7
What is the thousands digit of 29871?
9
What is the thousands digit of 39330?
9
What is the hundreds digit of 3065?
0
What is the tens digit of 1131?
3
What is the thousands digit of 1820?
1
What is the units digit of 886?
6
What is the thousands digit of 10369?
0
What is the units digit of 2357?
7
What is the units digit of 68566?
6
What is the tens digit of 1030?
3
What is the tens digit of 3686?
8
What is the ten thousands digit of 33202?
3
What is the thousands digit of 24887?
4
What is the tens digit of 735?
3
What is the hundreds digit of 791?
7
What is the ten thousands digit of 33225?
3
What is the hundreds digit of 18283?
2
What is the tens digit of 326?
2
What is the units digit of 7707?
7
What is the units digit of 341?
1
What is the hundreds digit of 9977?
9
What is the units digit of 96661?
1
What is the tens digit of 3755?
5
What is the hundreds digit of 5940?
9
What is the hundreds digit of 1569?
5
What is the tens digit of 3082?
8
What is the hundreds digit of 2130?
1
What is the hundreds digit of 164325?
3
What is the tens digit of 2119?
1
What is the hundreds digit of 24941?
9
What is the units digit of 9449?
9
What is the hundreds digit of 2389?
3
What is the hundreds digit of 159?
1
What is the units digit of 4000?
0
What is the tens digit of 12953?
5
What is the units digit of 322?
2
What is the tens digit of 842?
4
What is the hundreds digit of 12580?
5
What is the hundreds digit of 8677?
6
What is the units digit of 4441?
1
What is the thousands digit of 143037?
3
What is the thousands digit of 4416?
4
What is the hundreds digit of 407?
4
What is the units digit of 921?
1
What is the thousands digit of 2468?
2
What is the thousands digit of 107210?
7
What is the tens digit of 83432?
3
What is the tens digit of 1653?
5
What is the ten thousands digit of 26638?
2
What is the tens digit of 2629?
2
What is the tens digit of 960?
6
What is the hundreds digit of 284?
2
What is the hundreds digit of 995?
9
What is the units digit of 1178?
8
What is the thousands digit of 3083?
3
What is the units digit of 60073?
3
What is the hundreds digit of 312?
3
What is the hundreds digit of 1327?
3
What is the units digit of 52098?
8
What is the hundreds digit of 3916?
9
What is the hundreds digit of 23205?
2
What is the hundreds digit of 974?
9
What is the ten thousands digit of 13367?
1
What is the units digit of 749?
9
What is the units digit of 9?
9
What is the units digit of 13815?
5
What is the thousands digit of 7482?
7
What is the hundreds digit of 1165?
1
What is the ten thousands digit of 52893?
5
What is the ten thousands digit of 23422?
2
What is the hundreds digit of 163?
1
What is the ten thousands digit of 45679?
4
What is the units digit of 5471?
1
What is the hundreds digit of 388?
3
What is the hundreds digit of 125160?
1
What is the units digit of 20251?
1
What is the hundreds digit of 9259?
2
What is the tens digit of 4275?
7
What is the units digit of 645?
5
What is the units digit of 54980?
0
What is the tens digit of 28531?
3
What is the tens digit of 67?
6
What is the thousands digit of 9368?
9
What is the thousands digit of 4816?
4
What is the tens digit of 1690?
9
What is the hundreds digit of 188?
1
What is the thousands digit of 2944?
2
What is the hundreds digit of 7967?
9
What is the hundreds digit of 3653?
6
What is the hundreds digit of 962?
9
What is the hundreds digit of 1871?
8
What is the tens digit of 4327?
2
What is the hundreds digit of 30313?
3
What is the hundreds digit of 4846?
8
What is the tens digit of 11789?
8
What is the ten thousands digit of 129224?
2
What is the units digit of 21485?
5
What is the ten thousands digit of 39380?
3
What is the tens digit of 4417?
1
What is the hundreds digit of 7316?
3
What is the units digit of 68?
8
What is the units digit of 9521?
1
What is the tens digit of 4541?
4
What is the hundreds digit of 4193?
1
What is the thousands digit of 25951?
5
What is the hundreds digit of 13063?
0
What is the units digit of 3607?
7
What is the hundreds digit of 58461?
4
What is the thousands digit of 1093?
1
What is the tens digit of 29?
2
What is the thousands digit of 38569?
8
What is the thousands digit of 7916?
7
What is the ten thousands digit of 10751?
1
What is the thousands digit of 1639?
1
What is the hundreds digit of 54136?
1
What is the tens digit of 2407?
0
What is the thousands digit of 22099?
2
What is the tens digit of 12834?
3
What is the hundreds digit of 293?
2
What is the tens digit of 48613?
1
What is the units digit of 648?
8
What is the tens digit of 3801?
0
What is the tens digit of 106817?
1
What is the tens digit of 13403?
0
What is the hundreds digit of 37898?
8
What is the thousands digit of 5043?
5
What is the units digit of 18804?
4
What is the hundreds digit of 1511?
5
What is the tens digit of 11933?
3
What is the hundreds digit of 1316?
3
What is the units digit of 138?
8
What is the units digit of 31964?
4
What is the thousands digit of 27722?
7
What is the hundreds digit of 511?
5
What is the ten thousands digit of 26053?
2
What is the thousands digit of 2876?
2
What is the hundreds digit of 5296?
2
What is the units digit of 1753?
3
What is the hundreds digit of 987?
9
What is the tens digit of 34822?
2
What is the hundreds digit of 9417?
4
What is the thousands digit of 21939?
1
What is the tens digit of 2520?
2
What is the ten thousands digit of 62665?
6
What is the tens digit of 2659?
5
What is the tens digit of 54?
5
What is the hundreds digit of 437?
4
What is the hundreds digit of 18699?
6
What is the tens digit of 13896?
9
What is the hundreds digit of 12075?
0
What is the units digit of 20554?
4
What is the units digit of 893?
3
What is the hundreds digit of 927?
9
What is the thousands digit of 1225?
1
What is the tens digit of 743?
4
What is the units digit of 7